3. Let m be w(-6). Let q(l) = -37*l**2 - 4*l + 6. Let c be q(3). Let d = c + 342. Calculate the highest common divisor of m and d.
3
Suppose 69*k - 46*k + 2382611 = 144*k. Calculate the greatest common factor of k and 203.
203
Let p = -1445 - -2012. Calculate the greatest common divisor of 324 and p.
81
Suppose -14*i = -13*i - 2. Let u(q) = 2*q**2 + 4*q - 4. Let b be u(i). What is the highest common divisor of 2 and b?
2
Suppose -296 = -4*n + 4*q, n + 3*q - 31 = 67. What is the greatest common divisor of 40 and n?
40
Suppose z - m = -22, 4*z - z - m + 64 = 0. Let v = 30 + z. Calculate the highest common factor of v and 3.
3
Let u(g) = -g**2 + 51*g - 36. Let x be u(50). Suppose 2*v - 4*p = 54, 2*v + x*p - 13*p = 39. Calculate the highest common factor of v and 28.
7
Suppose 10243 = 259*a - 1564 - 33259. Suppose 0 = -4*z - 4*o + 727 + 429, o - 579 = -2*z. Calculate the greatest common divisor of z and a.
58
Suppose -4*h = -s + 234, -2*s + h + 417 = -30. Calculate the highest common factor of s and 2775.
111
Let o be (5 - 3)*(-9)/(-6). Suppose -2*f + 4 - 10 = 0, -o*u + 2*f = -114. What is the highest common divisor of u and 90?
18
Let d be 2935/20 - (-2)/8. Suppose -67*j + 691 = -2592. Calculate the greatest common factor of d and j.
49
Let s be (5 + -10 + 10)/(2 + -1). Suppose -5*d = 4*r - 9*r - 6175, 6184 = s*d + 4*r. Calculate the highest common divisor of 12 and d.
12
Suppose -2*r + 2*l = -206, 10*l - 25 = 5*l. Let h = 116 - r. What is the greatest common factor of 16 and h?
8
Let c be 10 + -10 - 1120/(-10). Calculate the highest common factor of 644 and c.
28
Let p = 0 + 34. Suppose 213 + 1188 = 3*b. Suppose 145 + b = 6*g. What is the greatest common divisor of g and p?
34
Suppose 0 = x - 3 - 26. Suppose 5*m + 14 = 3*m. Let q = m + x. What is the greatest common factor of 154 and q?
22
Let q(z) = 278*z + 2440. Let u be q(-7). What is the greatest common divisor of u and 342?
38
Let u(i) = i**3 - 28*i**2 - 36*i - 1844. Let r be u(39). Calculate the greatest common factor of 139 and r.
139
Suppose -137 = -18*n + 619. Calculate the greatest common divisor of 483 and n.
21
Let a be (-484)/32*-124*(2 - 0)*1. Calculate the highest common divisor of a and 121.
121
Let q be 4 + 138/(-30) + 143/5. Suppose 3*u - 84 = -3*a - 2*u, 0 = -a + 5*u + q. Calculate the highest common factor of a and 56.
28
Let w(i) = 65 - 35*i**3 + i**2 - 121 + 56 + i. Let r be w(-1). Suppose 4*v - 2*n - 3*n - 705 = 0, -3*n = 3. Calculate the greatest common divisor of r and v.
35
Let l(u) = 22*u**2 - 232*u - 1007. Let z be l(-22). Calculate the highest common factor of 75 and z.
15
Let h(n) be the second derivative of 19*n**3/6 - 21*n**2 - 5*n + 12. Let m be h(6). What is the highest common divisor of m and 16?
8
Let p be 6/(-30) + 2542/10. Suppose -3*o + z + p = -0*o, -5*z + 345 = 4*o. Let v be 15/(-360)*136*(-1 + 1 + -3). What is the greatest common factor of o and v?
17
Let y(o) = -o**2 + 48*o - 460. Let l be y(16). What is the highest common factor of 1742 and l?
26
Let h(c) = c**3 - 11*c**2 + 16*c - 10. Let g be h(10). Let u = g - 26. Suppose -2*q + u = -28. Calculate the highest common divisor of 39 and q.
13
Let f(a) = a**3 + 23*a**2 - 73*a + 218. Let i be f(-26). What is the highest common factor of i and 1640?
8
Suppose 0*f - 2*f - 89 = q, 4*q - f = -311. Let r = q - -88. Let o be r/(-6) - (-345)/6. Calculate the highest common divisor of 28 and o.
28
Suppose -418 + 4450 = 9*v. Suppose -800 = -13*a + v. What is the greatest common factor of 6 and a?
6
Suppose -35*y = 37*y - 687 - 2337. Calculate the greatest common factor of 1540 and y.
14
Let g be (90/24)/(1/4). Suppose 0 = -4*x - 4*t + 44, -3*t = 4*x - 27 - g. Suppose 0 = -5*p + 21 + x. What is the greatest common factor of p and 4?
2
Let w = 5767 + -5756. Suppose -15 = -3*z, -3*k = -k + 3*z + 117. Let g be (7/(-3))/(2/k). What is the highest common factor of w and g?
11
Suppose -7*x + 2*x = -4*x. Let u be x/(-3) - 117/(-3). Calculate the greatest common factor of u and 364.
13
Let b be (-7680)/36*54/(-45). What is the highest common factor of 496 and b?
16
Let n = -6103 - -7412. What is the highest common divisor of n and 121?
11
Let z be (-43*(-27)/(-45))/(16/(-80)). Calculate the highest common divisor of z and 15050.
43
Suppose -249429 = -34*p + 13*p - 162*p. Calculate the highest common factor of 1645 and p.
47
Let r = -141 + 180. Suppose -50 = -4*n + 2. What is the greatest common divisor of r and n?
13
Let t = -57655 + 57787. Suppose 16 = 5*k - 14. What is the highest common divisor of k and t?
6
Suppose 3*j + 152 = j - q, 5*q - 332 = 4*j. Let s be (j - -76)*(-1 + 1/(-2)). What is the highest common factor of 21 and s?
3
Let x be (63/18)/(28/32) + 115. Calculate the highest common factor of 9639 and x.
119
Let m(o) = -o**3 + 16*o**2 + 4*o - 67. Let c be m(16). Let j be ((-38)/6 - -1)*c. Calculate the greatest common divisor of j and 144.
16
Let f(d) = 210*d**2 - 95*d + 61. Let c be f(5). What is the greatest common factor of c and 108?
12
Let r(n) = -n**3 + 17*n**2 - 18*n + 42. Let c be (148/8 - 21/(-14)) + -4. Let u be r(c). What is the highest common factor of 205 and u?
5
Suppose 217*x - 221*x = -32. What is the highest common factor of x and 250?
2
Let o(f) = 4*f - 59. Let x be o(17). Suppose 2417 + 391 = x*v. What is the greatest common divisor of 4 and v?
4
Let t be ((-45)/(-9) + -7)*-17. Suppose 0 = 5*o - 2*x + 103, -x = 2*o + 3*x + 46. Let m be 2*(-2 - o/2). What is the greatest common divisor of m and t?
17
Let q(d) = d**3 - 19*d**2 + 84*d - 44. Let l be q(14). Calculate the highest common divisor of l and 2.
2
Let z = -15418 + 15803. What is the greatest common factor of z and 2541?
77
Let u be (1 - 2)*-41 - -6. Let c = u + -31. Calculate the greatest common factor of 72 and c.
8
Let x = -144 - -172. Suppose 0 = -2*p - 5*u + x, 0*p + 4*u + 14 = p. Calculate the highest common divisor of 14 and p.
14
Let r be 1023/4 + (-3)/4. Let t(n) = 6*n + 87. Let j be t(-12). Calculate the highest common divisor of r and j.
15
Suppose 25487*y = 25430*y + 146661. What is the highest common factor of y and 747?
83
Suppose 92*l - 129 = 85*l + 3*s, 3*l = -5*s + 93. Suppose 8*u - 6*u - 1806 = 0. Calculate the highest common divisor of u and l.
21
Let o(z) = -13*z + 7. Let d be o(-7). Suppose 40*a + 2*t = 41*a - 255, 25 = -5*t. Calculate the greatest common factor of d and a.
49
Let z(b) = 0*b**3 - 4*b**3 - 1 - b + 3*b**3 + b**2. Let l be z(-1). Let h = 180282 - 180280. Calculate the highest common divisor of h and l.
2
Suppose -4847 = -76*k + 67049. What is the greatest common divisor of 242 and k?
22
Suppose -6*t + 2*t = -4*b - 100, -4*t - 3*b + 100 = 0. Let y = 32 - t. Calculate the greatest common factor of y and 91.
7
Let p(v) = -16*v - 20. Let l be p(-3). Suppose 10693 = -l*o + 65*o. Calculate the highest common factor of 17 and o.
17
Suppose 4*m - 3*i = 90, -5*i = -m - 84 + 81. What is the highest common divisor of 5625 and m?
9
Let v = -244 + 247. Suppose 80 = 5*d + f, v*d + 3*f = 24 + 36. Suppose 2*b - 2*t = 3*t + 1, 0 = -5*t + 5. Calculate the highest common divisor of b and d.
3
Let d = 190 - 188. Suppose j = -5*p + 172, -d*j - 82 = -5*p + 84. Let x = 51 - 0. Calculate the greatest common factor of x and p.
17
Suppose -60 = 12*r + 3*r. Let z be 100 + 85/(-68) + (-5)/r. Calculate the highest common divisor of z and 40.
20
Suppose 10798 = 27*s + 2023. Calculate the highest common divisor of 845 and s.
65
Suppose 11*d - 2*l = 7*d - 822, -2*d + 3*l = 409. Let a be d/7*-5 - (-43)/(-301). What is the highest common divisor of 14 and a?
7
Suppose 390 = 4*p - w, 89*w - 85*w + 8 = 0. What is the greatest common factor of 25511 and p?
97
Let i = -33 + -146. Let l = 192 + i. What is the greatest common divisor of 299 and l?
13
Let k(l) = -18*l**3 + 11*l + 3. Let y be k(-3). What is the greatest common factor of 1216 and y?
152
Let z(x) = -2*x**3 + 15*x**2 + 27*x - 226. Let a be z(7). What is the greatest common divisor of 2868 and a?
12
Let k = -2884 + 24192. Calculate the greatest common factor of 28 and k.
28
Suppose 54 = 6*q - a + 4*a, 0 = 5*q - 4*a - 71. What is the highest common factor of 1265 and q?
11
Let f be (-4)/(-8) - (-26)/4. Let l(u) = 56*u**2 + 3129*u - 390. Let m be l(-56). Calculate the greatest 